(-18)/(-4))/(-5*o/80).
8
Suppose b = 2*u + 82, 119 + 86 = -5*u - b. Let k = u - -46. Suppose -k*q = 4*q - 18. Calculate the remainder when 2 is divided by q.
0
Let v = -10 - 756. Let i = v - -894. Calculate the remainder when i is divided by 7.
2
What is the remainder when -5*(-36647)/520 + (-9)/24 is divided by 60?
52
Let x be (-244)/20 + (-1)/10*-2. Let t(g) = 2*g + 28. Suppose 6*k - 43 = 83. Calculate the remainder when k is divided by t(x).
1
Suppose 0*x + 2*h = -5*x + 243, -2*x = 2*h - 102. What is the remainder when x is divided by 31?
16
Let i = -4 - -6. Calculate the remainder when (-7)/i*(25 - 27) is divided by 1.
0
Suppose -5*i + p + 1408 = -1951, -18 = -3*p. What is the remainder when i is divided by 55?
13
Let m be 3 - (-2 - (-4)/2)/2. Suppose m*o + 3 = 4*o + 2*i, 4*i = 5*o - 43. Suppose -218 = -o*b + 209. Calculate the remainder when b is divided by 4.
1
Let m(h) = -3*h**2 - 333*h + 67. Calculate the remainder when 440 is divided by m(-111).
38
Let n(g) = g**3 + 73*g**2 - 234*g - 418. Let y be (-2)/(-3)*(-363)/(-2). Suppose 5*h + 16 = y. What is the remainder when n(-76) is divided by h?
17
What is the remainder when 60/(84/7) - (2 + -224) is divided by 12?
11
Let h(v) = -v**3 - 45*v**2 - 108*v - 618. Calculate the remainder when h(-43) is divided by 61.
23
Suppose 0 = 4*i + 2 - 6. Calculate the remainder when -3*(-2 - 64/6) is divided by i/(-4) + (-324)/(-16).
18
Suppose 3*o + 24 = 3*h, 3*o - 1595 = -4*h - 1584. Calculate the remainder when (93/2)/((-9)/(-12)) is divided by h.
2
Let q(w) = 5*w**2 + 25*w - 207. What is the remainder when 1063 is divided by q(-11)?
79
Let h = -9269 + 14418. What is the remainder when h is divided by 92?
89
Let g(p) = p**3 - 7*p**2 + 11*p + 6. Let i be g(5). Suppose i*n = -9*n + 520. What is the remainder when 125 is divided by n?
21
Let i be 3*(-5367)/(-18) + (-14)/(-28). Suppose -i = -6*t - 115. Calculate the remainder when t is divided by 45.
40
Let b = 2335 - 2324. Calculate the remainder when (-14)/21 + (-221)/(-3) is divided by b.
7
Suppose 13*d - 5*d - 16 = 0. Suppose 0 = 4*p + 5*n - 413, 140 + 61 = d*p - 3*n. Let i(z) = z**2 + 3*z + 3. Calculate the remainder when p is divided by i(-6).
18
Let i = 4062 + -3702. Suppose 3*a + z - 79 = 0, -4*z + 135 = 5*a + z. What is the remainder when i is divided by a?
22
Suppose 36*s + 2573 + 10207 = 0. Let p = s - -377. Calculate the remainder when 171 is divided by p.
17
Let y(x) = -x**2 + 260*x - 7138. Calculate the remainder when 924 is divided by y(32).
134
Let f(o) = -2*o**3 + 41*o**2 - 12*o - 121. Calculate the remainder when 380 is divided by f(20).
29
Let p(k) = -1273*k**3 + 18*k**2 + 13*k - 5. Calculate the remainder when p(-1) is divided by 71.
66
Let w(m) = 10*m**2 - 53*m - 110. What is the remainder when 359 is divided by w(-2)?
35
Let n(c) = c**3 + 66*c**2 - 141*c - 130. Calculate the remainder when n(-68) is divided by 40.
10
Let t = -1838 - -1851. Let k = 5 + 7. What is the remainder when t is divided by k?
1
Let m = 448 + -393. Calculate the remainder when m is divided by 36.
19
Let m = -15083 - -16908. Calculate the remainder when m is divided by 168.
145
Suppose -5*f = -24 - 11. Calculate the remainder when ((-572)/221)/(8/(-136)) is divided by f.
2
Suppose 4*g - 4 = 0, 0 = -2*s - 0*s + 4*g. Suppose -4*n - 7*b + 2*b = -280, -4*n + 280 = s*b. Let t = -18 + n. What is the remainder when t is divided by 11?
8
Let h(k) = 132*k**2 + 3. Calculate the remainder when h(-2) is divided by 172.
15
Let o = -326 + 374. Calculate the remainder when 211 is divided by ((-9)/8)/((-6)/o).
4
Suppose 335 + 181 = 12*l. What is the remainder when 251 is divided by l?
36
Suppose -4*z - 27 = 21. Let y be 62/8 - -3*(-1)/z. Let o(s) = s**2 + 4*s + 15. What is the remainder when o(y) is divided by 7?
6
Let c = 268 - 70. Let j = -118 + c. What is the remainder when j is divided by 18?
8
Let w = 83 - 77. Let f(y) = -3*y + 23. Let h be f(w). Suppose h*j = 3*x - 54 - 30, 78 = 3*x - 3*j. Calculate the remainder when 114 is divided by x.
22
Let m(r) = r**2 + 6*r + 29. Let c be m(-5). Suppose -c*t = -17*t - 98. Calculate the remainder when 108 is divided by t.
10
Suppose 0 = -5*a + 6*n + 649, 6*a + 363 = 9*a + 3*n. Calculate the remainder when 3120 is divided by a.
120
Suppose -w = -9*w - 8. Calculate the remainder when (-9 - -8) + 45 - w is divided by 8.
5
Let d(y) be the second derivative of 5*y**3/3 - 161*y**2/2 + 4*y + 7. Let k = 2 + 4. What is the remainder when d(19) is divided by k?
5
Let c = 324 - 166. Suppose 4*i - c = 358. Calculate the remainder when i is divided by 160/6 - (-4)/(-6).
25
Let f(u) = 15*u - 16. Suppose 125*r - 123*r = -5*j + 65, 3*r + 3*j - 84 = 0. What is the remainder when f(8) is divided by r?
4
Let w be (-2 + 1)*-27*(-4)/(-6). Suppose -y - 17 = -5*m, 3*m + 3*y = w + 3. What is the remainder when 5 is divided by m?
1
Let v = 21 - -16. Let t = -5878 - -6024. What is the remainder when t is divided by v?
35
Let v(t) = -18*t**2 - 276*t - 23. Calculate the remainder when 403 is divided by v(-15).
1
Let b(y) = -5*y**2 - 62*y + 12. Let s be b(-12). Suppose -k = 3*g + 3*k - 48, 2*g - s = -4*k. Calculate the remainder when 30 is divided by g.
6
Suppose 6225 - 6038 = 11*f. Let z(d) = d**2 + 5*d - 8. Let r be z(-6). What is the remainder when 24324/180 - r/(-15) is divided by f?
16
Let t be 55/(-22)*(1 + -3). What is the remainder when 153 is divided by 2/(t - 1)*22?
10
Calculate the remainder when 1858 is divided by 20/(6/(-20)*64/(-48)).
8
Let q be (-5)/15 + 1268/(-12). Let x = q - -61. Let k = x - -56. Calculate the remainder when 17 is divided by k.
6
Let l(m) = m**3 - 19*m**2 + 35*m + 22. Let s = -26 - -6. Let j be (s - -3)/(-1 + 0). Calculate the remainder when l(j) is divided by 8.
7
Suppose -31 = -2*x - 5*c + 44, -3*x + 110 = 5*c. What is the remainder when 381 is divided by x?
31
Suppose -3*d + 318 = 4*r + 71, 0 = -5*d + 3*r + 460. Calculate the remainder when 178 is divided by d.
0
Let s(t) = 15*t - 363. Let n be s(53). Suppose n + 216 = 18*o. Calculate the remainder when o is divided by 19.
17
Let n(v) = 75*v + 22. Let p be n(5). Suppose -4*w + 75 = -p. Suppose -3*g + 25 = -47. Calculate the remainder when w is divided by g.
22
Let c(s) = 4*s**2 - 2*s - 8. Let f = -29 - -40. Suppose -a + f - 6 = 0. What is the remainder when c(a) is divided by 21?
19
Suppose 6*t = -9*t + 75. Suppose -t = 3*d - 23. Calculate the remainder when d is divided by 1.
0
Suppose -5*l + 1039 = -4*j + 29, -l = 5*j - 231. Let g(q) = -45*q - 195. What is the remainder when l is divided by g(-6)?
56
Let s(g) = -g**3 + 12*g**2 - 7*g - 27. Let l be s(11). Suppose 11*w - 44 = 6*w + 2*r, r = 2*w - l. What is the remainder when 809 is divided by w?
9
Suppose -18*q - 127 = -775. Suppose 0 = s + m + 7, 3*m + 0*m + 13 = -s. Let x = 17 + s. What is the remainder when q is divided by x?
10
Let f be 8/((16/28)/(24/28)). Suppose 5*v + 16 = 4*m, -2*v - 13 = -m + 6*m. Let i = v + f. Calculate the remainder when 34 is divided by i.
2
Let r(l) = 27*l**3 + 4*l**2 - 22*l - 3. Calculate the remainder when r(3) is divided by 20.
16
Suppose 2*k + b - 1259 = 0, 5*b = -5*k + 2104 + 1051. Suppose -8*n + 4*n = 0, 105 = 5*f + 4*n. Calculate the remainder when k is divided by f.
19
Let a(k) = 25*k - 11. Let z(h) = -h - h + 1 + 3*h + h. Let v(f) = a(f) + 2*z(f). Calculate the remainder when 242 is divided by v(2).
46
Let d = 1186 + -670. Let p = 617 - d. Calculate the remainder when p is divided by 9.
2
Suppose 40*t = 2*f + 43*t - 179, 4*t = f - 62. What is the remainder when 189 is divided by f?
25
Suppose -47*q + 23620 + 1354 = -15869. What is the remainder when q is divided by 235?
164
Let c be 22/33 + -2*(-3)/(-9). Let y be -5*(-2)/6*3. Suppose c = -y*b + 140 - 25. What is the remainder when b is divided by 8?
7
Suppose -3*m + 266 = -550. Suppose -2*w + 45 = 2*f - w, -10 = 2*w. What is the remainder when m is divided by f?
22
Let k = 31 + 21. Let u be (2*(-52)/(-12))/((-5)/(-15)). Suppose 0 = -5*x + 2*t + k, -x - 4*t = 2*x - u. Calculate the remainder when x is divided by 6.
4
What is the remainder when ((-30)/4)/(5961/426 - 14) is divided by 13?
12
Let d(t) = -t**2 + 0*t - 3*t - 23 + 3*t**2 - 4*t. Let a(z) = -z**2 + 12*z + 7. Let h be a(12). Calculate the remainder when d(h) is divided by